160 = 4*w. What is the hundreds digit of w?
1
Let f = -26 + 58. What is the tens digit of f?
3
Suppose d + d = -5*t, -2*t = 5*d + 21. Let w = t - -1. What is the tens digit of (-65)/(-10)*(w - 1)?
1
Let n(v) = 7*v**2 + 17*v - 5. What is the hundreds digit of n(-6)?
1
Let v = -5 + 8. Suppose -3*r + v = -o - 1, 4*o - 6 = r. What is the units digit of r?
2
Suppose 0 = -5*a + 8*a - 588. What is the units digit of a?
6
Let w = 119 + -84. What is the tens digit of w?
3
Suppose 6*a - 9*a = 0. Let g = a - -3. Suppose 2*v - 47 = -v + x, g*v - 17 = -5*x. What is the units digit of v?
4
Let y(w) = -51*w. Let v be y(-1). Let c = v + -31. Suppose -2*b = 3*b - c, -3*z + 59 = 5*b. What is the tens digit of z?
1
Let r be 6/(-14) - (-2990)/35. Suppose 8*k - 3*k - r = 0. What is the tens digit of k?
1
What is the units digit of 87/7 - (-4)/7?
3
Let a(w) = w**3 + 9*w**2 + 6*w - 2. Let o be a(-8). Suppose -o + 36 = h. What is the tens digit of h?
2
Let f(t) = -t - 4. Let u be f(-3). What is the tens digit of u/4 - (-404)/16?
2
Suppose -w = -2*w + 3*k + 51, -4*k = 12. What is the tens digit of w?
4
Let w = -228 - -153. Let y = -43 - w. What is the units digit of y?
2
Let p(n) = -215*n - 5. What is the units digit of p(-1)?
0
Let p(l) = l + l**3 - 3 - 3*l**2 - 2 - 5*l**2. Let r be p(8). Let d(g) = g - 2. What is the units digit of d(r)?
1
What is the tens digit of ((0 - -4) + (-16)/20)*25?
8
Let l(p) = p**2 - 7. Let c be l(9). Suppose 3*z = c + 79. What is the units digit of z?
1
Let z(r) = 3*r**2 + 1 - 4*r**2 + r - 8*r. What is the tens digit of z(-5)?
1
Let u be (1 - 1)*(-1)/2. Suppose -o + u*o + 1 = 0. What is the units digit of 45/10 + o/2?
5
Suppose -4*s + 10 = -2*a, -2*a - 3*a = s + 25. Suppose 0 = -2*k + k - 3*m + 15, -2*m + 4 = s. What is the units digit of k?
9
Let t(n) = n + 7. Let y be t(5). Let b = -8 + y. Suppose 2*x + 4 = b*x. What is the units digit of x?
2
Let s(b) = -88*b - 4. What is the hundreds digit of s(-2)?
1
Let d(m) = 3*m**2 + 3*m + 2. What is the units digit of d(-4)?
8
Let p(o) be the third derivative of o**2 - 1/12*o**4 - 4/3*o**3 + 0*o + 0. What is the units digit of p(-6)?
4
Suppose -r - 132 = -4*v + 3*r, 0 = 2*v - 3*r - 63. Suppose -12 = 3*g, 0*w - 4*w - 3*g = v. Let a = 16 + w. What is the tens digit of a?
1
Let s = 75 - 51. What is the units digit of s?
4
Let x(q) = 3*q**3 + q. Let g be x(1). Let l = 13 - g. What is the units digit of l?
9
Let z be (-3)/15 + (-32)/(-10). Suppose -6 = -z*i + 15. Let y = i - -5. What is the tens digit of y?
1
Let z(q) = 3*q**2 + 3. Let m(s) = -3*s**2 - 4. Let f(d) = 3*m(d) + 4*z(d). Suppose 16 = -2*p - 4*v, -3*p + v - 5*v - 18 = 0. What is the units digit of f(p)?
2
Let a be (-1)/(-4) - (-9)/12. What is the units digit of (a + -3)/((-7)/14)?
4
Suppose 4*s = -s + 70. Let x = s + 1. What is the units digit of x?
5
Let b(k) = -3 - 3*k**3 + 3*k**3 - k**3 + 2*k + 0*k + 6*k**2. Let d be b(5). Let r = -19 + d. What is the tens digit of r?
1
Let n = 5 - 0. Suppose -3*x + n*o - 15 = -0*x, o = x + 3. Suppose -4*p - 1 + 13 = x. What is the units digit of p?
3
Suppose 3*c - 2 - 4 = 0. Suppose -t = c*t - 12. What is the units digit of t?
4
Let n be ((-2)/2)/(4/28). Let j = 10 + n. Suppose -5*h = -0*l - 2*l - 26, h = -j*l + 12. What is the units digit of h?
6
Let o(i) = 5*i**2 + i - 7. What is the hundreds digit of o(6)?
1
Let c = 3 + -4. Let m be c/(-3)*3 + -4. What is the units digit of (-2)/m - (-22)/3?
8
Suppose 2*w - 31 + 6 = -o, -21 = -o - 4*w. What is the tens digit of o?
2
Let x(f) be the second derivative of f**5/20 - f**4/2 - 2*f**3/3 + 3*f**2/2 - 2*f. What is the units digit of x(7)?
4
Suppose 2*u + 0*u = 28. Let c = -7 + u. What is the units digit of c?
7
Let n(p) = -p**2 - 8*p + 4. What is the tens digit of n(-4)?
2
What is the units digit of ((-516)/(-14))/(66/21 + -3)?
8
Suppose 7 = 3*i + 16. Let j(o) = 2*o**2 - 5*o - 2. Let h(b) = -3*b**2 + 8*b + 3. Let f(w) = 5*h(w) + 8*j(w). What is the units digit of f(i)?
8
Suppose 0 = 2*v + k - 120 - 109, 0 = -4*k - 20. What is the hundreds digit of v?
1
Let n be 0 - (9/(-3) + 1). Let y be n/6 + 78/9. What is the units digit of 6/y*(-54)/(-4)?
9
Let r(h) = -h**3 + 2*h - 1. Let p be r(1). Suppose p*f = 3*f + x - 85, -f + 19 = 5*x. Suppose 34 = 3*w - f. What is the units digit of w?
1
Let z be 3/(1/6*-3). Let y(s) = -s**3 - 6*s**2 - s - 4. What is the units digit of y(z)?
2
Let l = -19 + 61. What is the units digit of l?
2
What is the tens digit of (2 + -2 + 1/3)*153?
5
Let p = 2 - -1. Let n = 3 - 2. Suppose 2*m = p*m - n. What is the units digit of m?
1
What is the tens digit of (-12)/(-48) - 51/(-4)?
1
Let b(y) = 4 - 3 + 4 - 1 + 5*y. What is the units digit of b(3)?
9
Let n be 39*((-5)/(-3) - 1). Let h = -13 + n. What is the tens digit of h?
1
Let h(z) = -z**3 - 6*z**2 - 3*z + 7. Let c be h(-6). Let v = 10 + c. What is the tens digit of (24/14)/(5/v)?
1
Suppose 11 = 3*i - v, 0*v = -i - 5*v - 23. Suppose -b + 2 = -i. What is the units digit of b?
4
Suppose -5*n - 4*b = -320 - 77, 2*n = -2*b + 158. What is the tens digit of n?
8
Let d(h) = -h**2 + 9*h + 13. Let n be d(10). Let i = 6 - n. What is the units digit of i?
3
Let w = 131 - 29. What is the units digit of w?
2
Suppose -h = h + 86. Suppose 211 = 5*r - 94. Let w = h + r. What is the units digit of w?
8
Let w(j) = j**2 - 4. Let x be w(-3). Suppose 0*a - x*a = -40. What is the units digit of a?
8
Let f be (-42)/(-4)*(-4)/(-3). Suppose -2*o - 3*a + 2*a = -19, o + 8 = 3*a. What is the units digit of 24/f*o/2?
6
Let f = 10 - 24. Let i = -1 - f. What is the tens digit of i?
1
Suppose 0 = 5*l + 2*x - 448, l - 2*x = -3*l + 344. What is the tens digit of l?
8
Let r be ((-6)/(-9))/((-2)/(-9)). What is the units digit of (r + (-26)/10)*55?
2
Let x(j) = -2*j**3 - j**2 + 4*j. What is the units digit of x(-3)?
3
Let l(p) = -2*p**2 - 5*p + 5. Let k be l(-6). Let x = 53 + k. Let y = x - 2. What is the units digit of y?
4
Let s = -45 - -69. Let j = -40 + 23. Let h = s + j. What is the units digit of h?
7
What is the units digit of 16/72 - (-140)/18 - 1?
7
Let y = -109 - -196. What is the tens digit of y?
8
Suppose -2*p - 5*h = -23, 0*p = -2*p + 5*h + 53. What is the tens digit of p?
1
Let m be 2*(-1 + 1/2). Let c be (-1 - -1)/m - 0. Suppose c + 16 = 2*i. What is the units digit of i?
8
Suppose 168 = 2*i - 6*p + p, 0 = 2*p + 8. What is the tens digit of i?
7
Let b(r) = -18*r - 2. What is the units digit of b(-5)?
8
Let j(l) = 2*l + 2*l**2 + 2 - 8*l + l. Let v be j(3). Suppose -v*p + 2*i + 17 = -i, 20 = -5*i. What is the units digit of p?
1
Suppose 7*x = 22 + 279. What is the tens digit of x?
4
Let z(j) = 2*j**2 - 2. Let i be z(5). Suppose -3*d = -0*d + i. Let x = 26 + d. What is the units digit of x?
0
Suppose 17 = -2*n - 3. Let z = n - 2. What is the tens digit of (z/8)/(6/(-40))?
1
Suppose -3*l + 39 = -2*l. Suppose 2*g - g - l = 0. Suppose 0*k = 3*k - g. What is the tens digit of k?
1
Let a = 5 + -10. Let s(b) be the third derivative of -b**4/24 + b**3/2 - 2*b**2. What is the units digit of s(a)?
8
Suppose -u = -14 + 5. Let d(p) = -2 + 3 - 11*p + p + u*p**2 + p**3. What is the units digit of d(-10)?
1
Suppose -5*s - 5*d - 214 + 614 = 0, -2*d + 397 = 5*s. What is the units digit of s?
9
Let t(h) = -h**2 - h + 6. Let a be t(0). Suppose -o - 31 = -35. Suppose o*j - 18 = a. What is the units digit of j?
6
Let u(d) = 8*d + 6. What is the tens digit of u(4)?
3
Let v(d) = 3*d**3 + 1. Let l = 1 + 0. Let n be v(l). Suppose -n*x + 0*x + 2*k + 44 = 0, 0 = 4*x - 4*k - 40. What is the units digit of x?
2
Let r be 2/2 - (-2 + -1). Suppose -6 = -r*c + 2. What is the units digit of c?
2
Suppose 4*p - 14 = 3*d + 6, -24 = -p - 4*d. Let s = p + 2. What is the tens digit of s?
1
Let f(u) = 3 + 5*u - 2*u**2 + 3*u**3 + u**3 - 2*u**3 - 3*u. What is the tens digit of f(3)?
4
Let o = -13 + 21. What is the units digit of o?
8
Suppose -483 = -3*n + 207. What is the hundreds digit of n?
2
Suppose -188 = -2*f - p, -2*f + p - 4*p = -192. What is the tens digit of f?
9
Suppose -17*a + 147 = -14*a. What is the units digit of a?
9
Let q be ((-4)/3)/(2/6). What is the units digit of (-6)/(-2)*(-4)/q?
3
Suppose -10*d + 243 = -d. What is the units digit of d?
7
Suppose u - 5*u = -944. Suppose -u = 3*d + 316. What is the tens digit of (-4)/10 + d/(-10)?
